 28*y = 243271. Is y composite?
True
Let k = 82 + -78. Is 1/(k/(-1948))*-1 prime?
True
Suppose -21 = -6*l + 33. Let t(h) = 4*h**2 - 19*h - 22. Is t(l) composite?
False
Let q(z) = 39*z + 23. Let x(t) = t + 1. Let b(v) = q(v) - 6*x(v). Is b(12) composite?
True
Let d(s) = s**3 - 19*s**2 + 17*s + 25. Let b be d(17). Let o = b - -463. Is o composite?
False
Suppose 4*n - 1 = -5*q + 2, q - 9 = 2*n. Suppose -q*v - 4*o + 0*o = -2305, -2298 = -3*v + 3*o. Is v a composite number?
True
Let t(l) = -43*l**2 - 2. Let f(a) = a**2 - 1. Let n(h) = 3*f(h) - t(h). Let z be n(-3). Suppose -2*m - 4 = 0, 3*m = 3*y + 5*m - z. Is y a prime number?
True
Is 15 - 23 - (1 + -32146) composite?
True
Let b be 0/1 - (-2 - 1). Suppose 2*y + b*y + u + 628 = 0, 4*y - 3*u = -510. Let h = 289 + y. Is h composite?
False
Let l be ((-10)/(-30))/(2/(-12)). Is 3 + 583 + l - -3 a prime number?
True
Suppose 0 = h - 2*h - 21. Let d(y) = -y**3 - 22*y**2 - 30*y + 22. Is d(h) a prime number?
True
Suppose -20552 = -31*x + 219419. Is x a prime number?
True
Suppose -3*f - 563 = -4*x, -x - 2*f + 123 = -26. Is x prime?
False
Let o = 43 + -46. Let v(d) = -829*d + 8. Is v(o) a prime number?
False
Suppose -46737 = -38*f + 95725. Is f a composite number?
True
Let j(d) = -1251*d - 385. Is j(-6) a prime number?
True
Let s(d) = 7*d + 4*d**2 - 3 - 2 - d. Let q(u) = -u - 7. Let m be q(0). Is s(m) prime?
True
Let u(i) = -5*i + 11. Let b(p) = 2*p. Let z be b(-2). Is u(z) a composite number?
False
Let w = 365 - 219. Suppose 2*v = -w + 414. Is (v/8)/(4/80) a composite number?
True
Suppose -5*o + 1122 = 4*f, -5*o + 5*f + 213 + 927 = 0. Suppose 0 = 3*y - o - 2135. Is y a composite number?
False
Suppose 4*k + 36 = 3*d, 4*k = 2*k - 6. Let n(g) = g**2 - 10*g + 10. Let w be n(d). Let s(p) = -p**3 - 7*p**2 - 9*p - 8. Is s(w) composite?
True
Let d(j) = -3*j**3 - 4*j**2 - 4*j. Let s be d(-2). Suppose -s*x = -12*x - 652. Is x a prime number?
True
Suppose 5*p - 5*b = -5, -3*p + 4*b - 8 = -p. Is 1 + (p - -1) + 2149 composite?
False
Is (-4237)/((-11)/66*6) prime?
False
Is 46381/((-90)/10 - -10) a composite number?
False
Suppose -1503 = -2*y - 221. Is y prime?
True
Suppose -6*x - 6084 = 6*x. Let s = x - -1502. Is s prime?
False
Let m = -4 + 8. Suppose 2 = m*t + 6. Is (-13 + 772)*t/(-3) a prime number?
False
Suppose 6 = 2*p + 2. Suppose p*z - 324 - 418 = -3*o, 8 = -2*o. Is z prime?
False
Let c be 3487/(-77) + (-4)/(-14). Let h be 141/45 - (-6)/c. Is (-1324)/12*-3*h prime?
False
Suppose 8 + 3 = 11*z. Let p = 756 - 504. Is z + 6/(-3) + p a prime number?
True
Let t(n) = n + 1. Let r(p) = -17*p**2 - 3*p + 5. Let i(l) = -r(l) + 5*t(l). Let q be i(7). Suppose 0 = 5*f + 2*f - q. Is f a prime number?
True
Let m(t) = -841*t - 999. Is m(-8) a prime number?
False
Is (18/36)/(1/4090) a prime number?
False
Is 32/4 + (-9400)/(-4) + 5 a composite number?
True
Let v(c) = c + 3. Let r be v(0). Suppose 2*d = 10, -5971 = -r*y + d - 3*d. Is y composite?
False
Let v(q) be the second derivative of -1/2*q**2 + 0 + 11/2*q**3 + q. Is v(4) a prime number?
True
Let t = -10358 - -17481. Is t composite?
True
Let q(t) = -2*t - 42. Let a be q(0). Let w be a/(-10) - 2/10. Suppose -k + w = -2*k, 5*u + 2*k = 257. Is u a composite number?
False
Let m(p) = 2*p**3 - 5*p**2 - 9*p + 25. Is m(4) a prime number?
True
Let n be (-1 + -1)/((-2)/28). Is ((-2198)/n)/((-1)/2) composite?
False
Let m(v) = -161*v + 16. Is m(-3) a composite number?
False
Let r(w) be the third derivative of w**6/120 + 3*w**5/20 - 7*w**4/24 + 13*w**3/6 + 10*w**2. Let u be r(-10). Is 3 - (0 - 1) - u a composite number?
True
Suppose 1483 + 1444 = j. Is j a composite number?
False
Suppose -c + 578 + 560 = 0. Is c a composite number?
True
Let o(f) = -2*f**2 + 5*f + 6. Let z be o(5). Let a be (-2)/(-2)*z - 4. Let n = -8 - a. Is n a prime number?
False
Let t(j) = -18*j**2 + 2*j - 3. Let k = 12 - 15. Let l be t(k). Let v = l + 374. Is v a prime number?
False
Let q(y) = -2875*y + 668. Is q(-21) a composite number?
False
Let c(d) be the third derivative of d**5/10 - 5*d**4/24 + d**3 - 33*d**2. Is c(7) a prime number?
False
Let n(r) = -25*r + r**2 - 31*r + 48*r + 22. Is n(15) a composite number?
False
Suppose -2*q = 4*z + q - 759, -2*z + 378 = 2*q. Suppose -k + z + 457 = 0. Is k a prime number?
False
Let x = -132 + 132. Suppose -5*g + 2385 = -x*g + 5*u, -5*g + 2403 = -4*u. Is g prime?
True
Let j be -2*10/(-4)*-24. Is (-5562)/(-10) - 96/j a composite number?
False
Let v(j) = -8*j**3 + 7*j**2 - 5*j + 2. Let p be v(4). Let h = 379 - p. Is h a composite number?
False
Suppose 2*q + 151000 = 3*b + 523721, -4*b - 931813 = -5*q. Is q a prime number?
False
Let c = -45459 - -79880. Is c prime?
True
Suppose f - 16 = -3*f. Suppose 4*i = -8 - f. Let t(w) = -134*w - 7. Is t(i) composite?
True
Let v(m) = m - 8. Let x be v(9). Suppose 6 = u - x. Suppose u*q - 13*q = -342. Is q a prime number?
False
Suppose 9*h + 1143 = -3105. Let g = 197 - h. Is g composite?
True
Let j = 7193 + -12842. Is j/(-27) + 14/(-63) composite?
True
Let i(f) = 25 - 28*f**2 + 127 + 153 + 29*f**2 + 2*f. Is i(0) a composite number?
True
Let d(w) = w**2 - 13*w - 53. Suppose 76 = -6*m + 16. Is d(m) prime?
False
Let k = -4954 - -8475. Is k a prime number?
False
Let l(t) be the third derivative of t**5/5 + t**4/8 + 2*t**3/3 + 26*t**2. Is l(-5) composite?
True
Let a(u) = -7*u**2 + 4*u + 5. Let x(r) = 14*r**2 - 9*r - 11. Suppose 4*y + 25 + 26 = 3*d, 0 = -y + 3*d - 24. Let m(f) = y*a(f) - 4*x(f). Is m(-3) composite?
True
Let r(j) = 6*j + 167. Is r(25) a composite number?
False
Let y = 5 - 1. Suppose 3 - 15 = -y*w. Suppose -w*c + 4*c - 171 = -5*p, 3*p - 370 = -2*c. Is c composite?
False
Let g = 0 - -10. Let a = 8 - g. Is 225 - (-1)/(1/a) a prime number?
True
Let g = -32 - -38. Let m(x) = 3*x**3 - 3*x**2 + 6*x - 13. Is m(g) prime?
True
Let s(u) = -103*u**2 + u - 3. Let b be s(2). Let y = b + 1090. Is y composite?
False
Let j(o) = -1664*o + 243. Is j(-34) a prime number?
False
Let a(z) = z**3 - 12*z**2 - 12*z - 13. Let t be a(13). Suppose -u - 3*x + 1189 = t, 4*x - 6133 = -5*u - 144. Is u prime?
True
Suppose -j + 146 = -354. Suppose j = -7*b + 3*b. Let m = b + 183. Is m composite?
True
Is (-26287261)/(-572) + (-2)/(-8) a composite number?
True
Is (3 + 14/(-6))*(-691767)/(-18) composite?
False
Suppose -k = -18 - 12. Let s = k + 17. Suppose 0*l = l - s. Is l prime?
True
Suppose 2*y = y - 88. Suppose t - 293 = -86. Let b = y + t. Is b a composite number?
True
Suppose c + 0 - 10 = 0. Let z be (142/5)/(2/c). Let k = z - -91. Is k prime?
True
Suppose 0 = -4*c - 4*c - 24. Is (541/5)/((-2)/30*c) a composite number?
False
Let o(h) = 2*h - 1. Let b be o(6). Suppose y + 4 = 3*z, b = -y + 2*y + 2*z. Suppose -2*d + 116 = c - y*d, 0 = -5*c + 4*d + 591. Is c composite?
True
Suppose 3*r + a - 906 = 0, -864 + 260 = -2*r + 5*a. Suppose 0 = 3*b - 199 - r. Is b a prime number?
True
Suppose -u - 1 = -4. Let c be (u/(-2))/(3/(-24)). Is (c/18)/((-4)/(-222)) prime?
True
Suppose -6*i + 508 = -230. Suppose 0 = -5*f - 2*v - i, -4*f - 45 - 56 = -v. Is 1/2 + f/(-2) a composite number?
False
Let p(b) = 440*b**2 - 70*b - 203. Is p(-3) composite?
False
Let c = 51910 + -21507. Is c composite?
False
Let x = 71 - 71. Let y = -13 + 16. Suppose 856 + 139 = y*f - 5*g, 4*f - 4*g - 1332 = x. Is f a composite number?
True
Let s be 6/(5/((-20)/(-8))). Suppose -4*b - s*z - 657 = -0*b, -4*b - 654 = 2*z. Is 1 - (b - 0 - -2) a composite number?
True
Suppose 4*r + 0*r = -2*o + 4, 0 = 3*o - r - 13. Suppose f + o*f = 12895. Is f composite?
False
Let u be 4/(-26) - (-27741)/(-91). Let i = u + 752. Is i prime?
False
Suppose 3*p = 5*i - 177350, p - 3*p = -10. Is i a prime number?
False
Let a(r) = r**2 - r - 7. Let k be -32 + 8 + 0 + 0. Let c = -32 - k. Is a(c) composite?
True
Let a = 5519 - 3064. Is a composite?
True
Let c be (-40)/6*(-735)/10. Let s = -279 + c. Is s a prime number?
True
Is (-3 - 13826)/(-1 - 0) prime?
True
Suppose -s + 1650 = 5*r - 4*s, 0 = -r - 2*s + 330. Let p(k) = -20*k + 15. Let x be p(10). Let b = r + x. Is b composite?
True
Suppose -17245 = -26*t - 3179. Is t composite?
False
Is (0 - 3) + (0 + -88)*-8 a prime number?
True
Let x = 18 - 2. Let y be 4/10 - x/40. Suppose -4*l = -3*w - 40, 4*l - 3*w - 2*w - 48 = y. Is l prime?
True
Let v = -27165 + 40814. Is v prime?
True
Let y = -121